e -3*d = 2*v - f, 2*d - 2*v + 7 = 77. What is the remainder when d is divided by 14?
11
Let p(t) = 13*t - 5. Let j = -13 - -18. What is the remainder when p(j) is divided by 21?
18
Suppose 2*s - 1 - 15 = 0. Suppose 1 = j - s. Suppose -r + 5*u = -2*r, 0 = -5*r - 4*u + 105. Calculate the remainder when r is divided by j.
7
Let h(l) = 4*l + 3. Let c be h(4). Suppose x + c = 2*f, -3*x + 4*f + 25 = -4*x. Let g = x + 33. What is the remainder when 35 is divided by g?
11
Let u(v) = -v**3 - 12*v**2 - 10*v - 55. Suppose 2*x = -5*w - 122, x + 0*x - 3*w + 72 = 0. Calculate the remainder when u(-12) is divided by (-4)/6*x/2.
21
Let z = 25 + -17. Let y = -4 + z. Suppose -y*d + 7 = -1. Calculate the remainder when 5 is divided by d.
1
Suppose -87 - 1 = -4*x. Calculate the remainder when x is divided by (-18)/15*20/(-3).
6
Let s = 4 + -2. Calculate the remainder when s is divided by ((-4)/(-6))/((-4)/6) + 3.
0
What is the remainder when 170/4*(0 + 2) is divided by 22?
19
Let w(z) = 3*z**2 + 3*z + 5. What is the remainder when 30 is divided by w(-2)?
8
Suppose -3*f + 5*f - 2 = 0. Calculate the remainder when 230/6 + f/(-3) is divided by 13.
12
Suppose 2*h + 2*q - 6 = 0, -2*q - 16 = -3*h + 2*q. Suppose 0 = 5*y + 10 - 0. Let o = y - -8. What is the remainder when o is divided by h?
2
Let w(q) be the first derivative of 3 + 1/3*q**3 - 1/2*q**2 + 2*q + 1/4*q**4. Calculate the remainder when 5 is divided by w(0).
1
Let v(w) = -w**3 + 4*w**2 - 5. Let i be v(4). Let f = i - -9. Suppose -f*k + 36 = -k. Calculate the remainder when 22 is divided by k.
10
Suppose r = -3*r. Suppose r = -2*a + a - 4, w + a = 6. What is the remainder when 18 is divided by w?
8
Let f be 3/(0 + 0 + 1). Suppose -5*x + t + 16 = f*t, -5*x + 30 = -5*t. Calculate the remainder when 55 is divided by (-6 + 4)*(-38)/x.
17
Suppose -34 = -5*m + 6. What is the remainder when -2*(-4)/(m/11) is divided by 5?
1
Suppose 3*i = -4*u + 102, 7*u + 5*i = 4*u + 82. What is the remainder when 189 is divided by u?
21
Suppose 0*f - a = -3*f + 119, -3*f + 122 = 2*a. Suppose 0 = -6*g + 2*g + 168. Suppose 0 = -4*b + 2*b + g. What is the remainder when f is divided by b?
19
Let s = -5 + 19. What is the remainder when 27 is divided by s?
13
Let x be (-2 - (-4)/2)/(-2). Suppose x = -2*o + 4*o + 4. What is the remainder when (o - -4)/(-1) - -10 is divided by 5?
3
Let i = 14 + -20. Let s(p) = -3*p. Let o = 26 + -16. Calculate the remainder when s(i) is divided by o.
8
Let v(s) = s**2 - 2. Calculate the remainder when 66 is divided by v(5).
20
Suppose 3*x = -7 - 5. Let y = 13 + x. What is the remainder when 16 is divided by y?
7
Let d(j) = -26*j**3 + j**2 + 2*j + 2. Calculate the remainder when 106 is divided by d(-1).
25
Suppose -190 = -5*t + 2*q, 4*t - 4*q + 7 - 159 = 0. Calculate the remainder when t is divided by (-41 - -15)*(2/4 + -1).
12
Let l(h) = 31*h - 3. Calculate the remainder when l(2) is divided by 16.
11
Suppose 0 = -4*t + 4*p + 32, t - 3*p - 2*p = 28. Suppose -4*l - k - 111 = -8*l, t*k + 137 = 5*l. Calculate the remainder when l is divided by 15.
13
Let x be 6/(-4)*(-40)/12. What is the remainder when (-2 - -1)*(x - 46) is divided by 21?
20
Let u be 6 + 2/(-2 + 0). Suppose u*f - 185 = r + 4*r, 4*r = 0. What is the remainder when f is divided by (-1 + 2)/((-2)/(-38))?
18
Suppose -3*u - 4*y + 52 = 0, y - 40 = -3*u - 0*y. What is the remainder when 45 is divided by u?
9
Suppose -5*c + f - 54 = 3*f, 2*f - 54 = 4*c. Let i = -7 - c. Suppose -2*q - 69 = -i*r, -q + 63 = r + 4*r. What is the remainder when 24 is divided by r?
11
Let l = 4 - 1. Suppose j + l*j = 72. What is the remainder when 52 is divided by j?
16
Let j be (-1)/(-3) - (-56)/21. Suppose z = -j*z. Suppose -5*x + 8*x - 21 = z. What is the remainder when x is divided by 2?
1
Let o(d) = -d**3 + d - 1. Let m(g) = -4*g**3 + 7*g**2 + 12*g + 8. Let p(z) = m(z) - 3*o(z). Calculate the remainder when p(8) is divided by (-4)/(-3)*30/4.
9
Suppose 0 = -2*c + 17 + 5. What is the remainder when 19 is divided by c?
8
Suppose -43*p + 41*p + 46 = 0. What is the remainder when 65 is divided by p?
19
Let f = -10 - -14. Calculate the remainder when f is divided by 3.
1
Let w = -6 + 22. What is the remainder when (-408)/(-9) - 4/(-6) is divided by w?
14
Let o(l) = -l. Let a be o(-3). Suppose -3 = a*r - 21. What is the remainder when r is divided by 4?
2
Let r(p) = -2*p + 5. Let w(q) = -5*q**2 - q. Let y be w(-1). What is the remainder when 25 is divided by r(y)?
12
Let o(d) = 2*d - 14. Let y be o(7). Suppose 105 = 5*x - y*x. Calculate the remainder when x is divided by 12.
9
Suppose 2*z = -18 - 2. Let a = z + 29. Calculate the remainder when 74 is divided by a.
17
Let j(b) = 10*b + 3. Let k be j(-3). What is the remainder when 19 is divided by 2/(-9) + (-141)/k?
4
Let q(i) = i**3 + 7*i**2 + 2*i - 6. Calculate the remainder when q(-6) is divided by 10.
8
Let w(r) = 4*r**2 + 5*r - 4. Calculate the remainder when w(-4) is divided by 11.
7
Suppose 0 = -y - 4 + 8. Suppose -3*p + 5 + 1 = 0. Calculate the remainder when y is divided by p.
0
Let j(a) = a**2 - 5*a. Let x be j(6). Suppose 51 + x = 3*w. Suppose 2*o - 4*o + 10 = 0. What is the remainder when w is divided by o?
4
Calculate the remainder when -14*(-1 + (-2)/4) is divided by 2/(-5) - 22/(-275)*155.
9
Suppose 166 = 7*t - 16. What is the remainder when 51 is divided by t?
25
Suppose 0 = 2*r, 2*f = 4*f - 3*r - 310. What is the remainder when f is divided by 26?
25
Suppose 21*a = 25*a - 248. Calculate the remainder when a is divided by 13.
10
Let c = 7 + 18. Suppose -3*v - v + 12 = 0. Suppose 19 + 20 = v*f. What is the remainder when c is divided by f?
12
Suppose 0 = -3*j + 2*d + 8, -3*j = 2*d - 4 - 12. Let m = 47 - 44. What is the remainder when j is divided by m?
1
Let b be (-2 - -4)/(-2 - 0). What is the remainder when (27/9)/(b/(-19)) is divided by 15?
12
Suppose -o = 3*o. Suppose -5*z + 195 + 40 = o. Calculate the remainder when z is divided by 16.
15
Let f = 22 - 7. What is the remainder when 28 is divided by f?
13
Let f(d) be the first derivative of -d**3/3 - d**2/2 + 3*d + 1. Let b be f(-4). What is the remainder when 26 - 3*(-3)/b is divided by 7?
4
Suppose -5*h = t - 34, 0*h - 2*h + 24 = 3*t. Let q = 250 - 248. Calculate the remainder when h is divided by q.
0
Suppose h - 2*h = -18. Suppose a + 0*a = 2*m - h, -4*m = -4*a - 32. Suppose 0*f - 2*f + 38 = 0. What is the remainder when f is divided by m?
9
Suppose 4*s - 3 = 3*s, -3*i = -4*s - 132. Calculate the remainder when i is divided by 28.
20
Suppose -39 = -q - 3*k + 2*k, 0 = 5*q - k - 171. What is the remainder when 129 is divided by q?
24
Suppose -15*m = -20*m + 70. What is the remainder when 27 is divided by m?
13
Let h = 94 + -86. What is the remainder when 42 is divided by h?
2
Let i be 0/3 + 34*1. Suppose 3*u - i = u + 2*z, -u - z = -7. Suppose h - 2*h + 35 = 0. What is the remainder when h is divided by u?
11
Let t be 4/6*45/6. Let r be (-4)/(-6) + t/(-3). Calculate the remainder when ((-21)/12 - r)*-16 is divided by 5.
2
Let g(c) = -c**3 - 2*c**2. Let t be g(-7). Suppose 0 = -0*d - 5*d + t. Let a = d - 25. What is the remainder when a is divided by 13?
11
Let h = 11 + -8. Suppose 3*w - 4*k = 59, 4*k = 5*w + h*k - 87. Let s = -2 + 11. Calculate the remainder when w is divided by s.
8
Suppose 3*i - g - 4*g = 0, -4*g = 0. Let f(p) = 4*p - 1 + 5 + i. What is the remainder when 31 is divided by f(3)?
15
Let m = -35 + 50. Calculate the remainder when 59 is divided by m.
14
Let d = -30 - -27. Calculate the remainder when 9 is divided by 6/45*d*-10.
1
Let b(m) = m**2 + 11*m - 2. Let w be b(-9). Let q be 5/(-2)*56/w. What is the remainder when 12 is divided by -5*(-1)/5*q?
5
Let f = 1 + 11. Let r(p) = 2*p**2 + 4*p - 2. Calculate the remainder when r(-6) is divided by f.
10
Suppose 19 + 0 = 3*g - j, -3*g - 2*j + 7 = 0. Suppose -g*d = -2*d. Suppose d = 4*v - 9*v + 35. Calculate the remainder when 12 is divided by v.
5
Let z = 25 + -14. What is the remainder when (16 - 17)/((1/19)/(-1)) is divided by z?
8
Suppose 12 = r + 3*p - 48, 4*p = -3*r + 175. Suppose n - a = 14, n + 0*a - 13 = 2*a. Calculate the remainder when r is divided by n.
12
Let k = 3 + 4. Calculate the remainder when 2/(-8) + (-720)/(-64) is divided by k.
4
Suppose -1 - 1 = -q. Let u = 2 + -4. What